{"id":505,"date":"2021-04-28T17:45:17","date_gmt":"2021-04-28T15:45:17","guid":{"rendered":"https:\/\/skinway.de\/?page_id=505"},"modified":"2024-06-25T05:15:43","modified_gmt":"2024-06-25T03:15:43","slug":"wimpern-augenbrauen-2","status":"publish","type":"page","link":"https:\/\/skinway.de\/?page_id=505","title":{"rendered":"Wimpern &#038; Augenbrauen"},"content":{"rendered":"<h1>SKINWAY<br \/>#wimpern<\/h1>\n<div>\n<p>        <img decoding=\"async\" src=\"\/wp-content\/uploads\/2021\/04\/3.png\" alt=\"\"><\/p>\n<div>\n<div class=\"ts-box-icon-title-holder\">\n<h3 class=\"ts-box-icon-title-text\"><strong>Special Offer<\/strong><br \/>All in One Special ca. 60 min. 135\u20ac<\/h3>\n<p>Eine klassische Gesichtsbehandlung f\u00fcr Gesicht, Hals &amp; D\u00e9collet\u00e9:<br \/>Reinigung, Peeling, Wirkstoffkonzentrat, Maske und entspannende Gesichtsmassage. Auswahl von dermo-kosmetischen Behandlungsprodukten findet nach Hautzustand statt.<br \/>Ausreinigung, Augenbrauenkorrektur sowie das F\u00e4rben von Wimpern und Augenbrauen sind inkludiert.<\/p>\n<\/div>\n<\/div>\n<p><a href=\"https:\/\/buchung.treatwell.de\/ort\/skinway-organic-medical-beauty\/\">Termin buchen<\/a><\/p>\n<\/div>\n<ul>\n<li>\n<h3>Wimpernlifting inkl. F\u00e4rben &#038; Vitamin Lash Botox  <br \/> ca. 60 min. 75 Euro <\/h3>\n<div>\n<p>Eine sanfte und hochwirksame Wimpernverformung f\u00fcr einen perfekten Augenaufschlag. Nach der Behandlung sehen die Wimpern lang und volumin\u00f6s. Die Wimpernlaminierung ist eine intensive Pflegebehandlung f\u00fcr die Wimpern. Die Wimpern werden mit N\u00e4hrstoffen, Vitaminien und Proteinen versorgt und gest\u00e4rkt. Die verwendeten Produkte sind vegan und wurden ohne Tierversuche hergestellt.<\/p>\n<\/div>\n<p><a href=\"https:\/\/buchung.treatwell.de\/ort\/skinway-organic-medical-beauty\/\">Termin buchen<\/a><\/p>\n<\/li>\n<li>\n<h3>Augenbrauen-Lifting inkl. F\u00e4rben  <br \/> ca. 45 min. 60 Euro <\/h3>\n<div>\n<p>Bei einem Augenbrauenlifting werden deine H\u00e4rchen verst\u00e4rkt, sodass die Form \u00fcber mehrere Wochen anh\u00e4lt. Dabei werden die Brauen so formbar gemacht, dass es einfacher ist sie in alle Formen und Richtungen zu stylen. F\u00e4rben und Zupfen sind inkludiert.<\/p>\n<\/div>\n<p><a href=\"https:\/\/buchung.treatwell.de\/ort\/skinway-organic-medical-beauty\/\">Termin buchen<\/a><\/p>\n<\/li>\n<li>\n<h3>Powder Brows  <br \/>ca. 200 min. 450 Euro (2 Sitzungen)<\/h3>\n<div>\n<p>Powder-Brows sind eine Form des Permanent Make Ups. Es ist eine besondere Technik: die Pigmente werden in die Haut so gebracht, dass dadurch entstehende Schattierungen maximal nat\u00fcrlich wirken. Durch den Puder-Effekt werden die Augenbrauen dicht und voll. Wer keine Lust mehr hat, die Augenbrauen jeden Tag zu schminken, f\u00fcr den kann diese Behandlung die richtige sein. Das Beratungsgespr\u00e4ch ist erforderlich. Die Nacharbeit ist inkludiert.<\/p>\n<\/div>\n<p><a href=\"https:\/\/buchung.treatwell.de\/ort\/skinway-organic-medical-beauty\/\">Termin buchen<\/a><\/p>\n<\/li>\n<\/ul>\n<p><!--more--><br \/>\n<!-- {\"name\":\"Basic Treatments\",\"type\":\"layout\",\"children\":[{\"type\":\"section\",\"props\":{\"style\":\"default\",\"width\":\"\",\"vertical_align\":\"middle\",\"title_position\":\"top-left\",\"title_rotation\":\"left\",\"title_breakpoint\":\"xl\",\"image_position\":\"center-center\",\"padding\":\"large\",\"padding_remove_bottom\":true,\"animation\":\"fade\",\"overlap\":false,\"padding_remove_top\":false},\"children\":[{\"type\":\"row\",\"children\":[{\"type\":\"column\",\"props\":{\"image_position\":\"center-center\",\"media_overlay_gradient\":\"\",\"width_medium\":\"1-1\"},\"children\":[{\"name\":\"\",\"type\":\"headline\",\"props\":{\"title_element\":\"h1\",\"title_style\":\"heading-small\",\"text_align\":\"left\",\"content\":\"SKINWAY<br \\\/>#wimpern\",\"animation\":\"none\"}}]}],\"props\":{\"width\":\"xlarge\",\"margin_remove_top\":true}},{\"type\":\"row\",\"props\":{\"layout\":\"1-3,2-3\",\"margin\":\"large\",\"column_gap\":\"large\",\"width\":\"xlarge\"},\"children\":[{\"type\":\"column\",\"props\":{\"image_position\":\"center-center\",\"media_overlay_gradient\":\"\",\"width_medium\":\"1-3\"},\"children\":[{\"type\":\"panel\",\"props\":{\"link_text\":\"Termin buchen\",\"title_hover_style\":\"reset\",\"title_element\":\"h3\",\"title_align\":\"top\",\"title_grid_width\":\"1-2\",\"title_grid_breakpoint\":\"m\",\"meta_style\":\"meta\",\"meta_align\":\"below-title\",\"meta_element\":\"div\",\"content_column_breakpoint\":\"m\",\"icon_width\":80,\"image_align\":\"top\",\"image_grid_width\":\"1-4\",\"image_grid_breakpoint\":\"m\",\"image_svg_color\":\"emphasis\",\"link_style\":\"default\",\"margin\":\"default\",\"content\":\"\n\n<div class=\\\"ts-box-icon-title-holder\\\">\\n\n\n<h3 class=\\\"ts-box-icon-title-text\\\"><strong>Special Offer<\\\/strong><br \\\/>All in One Special ca. 60 min. 135\\u20ac<\\\/h3>\\n\n\n<p>Eine klassische Gesichtsbehandlung f\\u00fcr Gesicht, Hals &amp; D\\u00e9collet\\u00e9:<br \\\/>Reinigung, Peeling, Wirkstoffkonzentrat, Maske und entspannende Gesichtsmassage. Auswahl von dermo-kosmetischen Behandlungsprodukten findet nach Hautzustand statt.<br \\\/>Ausreinigung, Augenbrauenkorrektur sowie das F\\u00e4rben von Wimpern und Augenbrauen sind inkludiert.<\\\/p>\\n<\\\/div>\",\"panel_style\":\"card-primary\",\"image\":\"wp-content\\\/uploads\\\/2021\\\/04\\\/3.png\",\"image_border\":\"rounded\",\"link\":\"https:\\\/\\\/buchung.treatwell.de\\\/ort\\\/skinway-organic-medical-beauty\\\/\",\"panel_card_image\":true,\"link_target\":true}}]},{\"type\":\"column\",\"props\":{\"image_position\":\"center-center\",\"media_overlay_gradient\":\"\",\"width_medium\":\"2-3\",\"vertical_align\":\"middle\"},\"children\":[{\"type\":\"accordion\",\"props\":{\"show_image\":true,\"show_link\":true,\"collapsible\":true,\"content_column_breakpoint\":\"m\",\"image_svg_color\":\"emphasis\",\"image_align\":\"top\",\"image_grid_width\":\"1-2\",\"image_grid_breakpoint\":\"m\",\"link_text\":\"Termin buchen\",\"link_style\":\"primary\",\"text_align\":\"center\"},\"children\":[{\"type\":\"accordion_item\",\"props\":{\"title\":\"Wimpernlifting inkl. F\\u00e4rben & Vitamin Lash Botox  <br \/> ca. 60 min. 75 Euro \",\"content\":\"\n\n<p>Eine sanfte und hochwirksame Wimpernverformung f\\u00fcr einen perfekten Augenaufschlag. Nach der Behandlung sehen die Wimpern lang und volumin\\u00f6s. Die Wimpernlaminierung ist eine intensive Pflegebehandlung f\\u00fcr die Wimpern. Die Wimpern werden mit N\\u00e4hrstoffen, Vitaminien und Proteinen versorgt und gest\\u00e4rkt. Die verwendeten Produkte sind vegan und wurden ohne Tierversuche hergestellt.<\\\/p>\",\"link\":\"https:\\\/\\\/buchung.treatwell.de\\\/ort\\\/skinway-organic-medical-beauty\\\/\",\"image\":\"\"}},{\"type\":\"accordion_item\",\"props\":{\"title\":\"Augenbrauen-Lifting inkl. F\\u00e4rben  <br \/> ca. 45 min. 60 Euro \",\"content\":\"\n\n<p>Bei einem Augenbrauenlifting werden deine H\\u00e4rchen verst\\u00e4rkt, sodass die Form \\u00fcber mehrere Wochen anh\\u00e4lt. Dabei werden die Brauen so formbar gemacht, dass es einfacher ist sie in alle Formen und Richtungen zu stylen. F\\u00e4rben und Zupfen sind inkludiert.<\\\/p>\",\"link\":\"https:\\\/\\\/buchung.treatwell.de\\\/ort\\\/skinway-organic-medical-beauty\\\/\",\"image\":\"\"}},{\"type\":\"accordion_item\",\"props\":{\"title\":\"Powder Brows  <br \/>ca. 200 min. 450 Euro (2 Sitzungen)\",\"content\":\"\n\n<p>Powder-Brows sind eine Form des Permanent Make Ups. Es ist eine besondere Technik: die Pigmente werden in die Haut so gebracht, dass dadurch entstehende Schattierungen maximal nat\\u00fcrlich wirken. Durch den Puder-Effekt werden die Augenbrauen dicht und voll. Wer keine Lust mehr hat, die Augenbrauen jeden Tag zu schminken, f\\u00fcr den kann diese Behandlung die richtige sein. Das Beratungsgespr\\u00e4ch ist erforderlich. Die Nacharbeit ist inkludiert.<\\\/p>\",\"link\":\"https:\\\/\\\/buchung.treatwell.de\\\/ort\\\/skinway-organic-medical-beauty\\\/\"}}]}]}]}],\"name\":\"Benefits\"},{\"type\":\"section\",\"props\":{\"style\":\"default\",\"width\":\"default\",\"vertical_align\":\"middle\",\"title_position\":\"top-left\",\"title_rotation\":\"left\",\"title_breakpoint\":\"xl\",\"image_position\":\"center-center\"},\"children\":[{\"type\":\"row\",\"children\":[{\"type\":\"column\",\"props\":{\"image_position\":\"center-center\",\"media_overlay_gradient\":\"\"},\"children\":[]}]}]}],\"version\":\"2.4.9\"} --><\/p>\n","protected":false},"excerpt":{"rendered":"<p>SKINWAY#wimpern Special OfferAll in One Special ca. 60 min. 135\u20ac Eine klassische Gesichtsbehandlung f\u00fcr Gesicht, Hals &amp; D\u00e9collet\u00e9:Reinigung, Peeling, Wirkstoffkonzentrat, Maske und entspannende Gesichtsmassage. Auswahl von dermo-kosmetischen Behandlungsprodukten findet nach Hautzustand statt.Ausreinigung, Augenbrauenkorrektur sowie das F\u00e4rben von Wimpern und Augenbrauen sind inkludiert. Termin buchen Wimpernlifting inkl. F\u00e4rben &#038; Vitamin Lash Botox ca. 60 min. 75 [&hellip;]<\/p>\n","protected":false},"author":1,"featured_media":548,"parent":0,"menu_order":0,"comment_status":"closed","ping_status":"closed","template":"","meta":{"footnotes":""},"class_list":["post-505","page","type-page","status-publish","has-post-thumbnail","hentry"],"yoast_head":"<!-- This site is optimized with the Yoast SEO plugin v27.5 - https:\/\/yoast.com\/product\/yoast-seo-wordpress\/ -->\n<title>Wimpern &amp; Augenbrauen - SKINWAY<\/title>\n<meta name=\"description\" content=\"Wimpern &amp; Augenbrauen in Hamburg. Eine sanfte und hochwirksame Wimpernverformung f\u00fcr einen perfekten Augenaufschlag. Nach der Behandlung\" \/>\n<meta name=\"robots\" content=\"index, follow, max-snippet:-1, max-image-preview:large, max-video-preview:-1\" \/>\n<link rel=\"canonical\" href=\"https:\/\/skinway.de\/?page_id=505\" \/>\n<meta property=\"og:locale\" content=\"de_DE\" \/>\n<meta property=\"og:type\" content=\"article\" \/>\n<meta property=\"og:title\" content=\"Wimpern &amp; Augenbrauen - SKINWAY\" \/>\n<meta property=\"og:description\" content=\"Wimpern &amp; Augenbrauen in Hamburg. Eine sanfte und hochwirksame Wimpernverformung f\u00fcr einen perfekten Augenaufschlag. Nach der Behandlung\" \/>\n<meta property=\"og:url\" content=\"https:\/\/skinway.de\/?page_id=505\" \/>\n<meta property=\"og:site_name\" content=\"SKINWAY\" \/>\n<meta property=\"article:modified_time\" content=\"2024-06-25T03:15:43+00:00\" \/>\n<meta property=\"og:image\" content=\"https:\/\/skinway.de\/wp-content\/uploads\/2021\/05\/2.jpg\" \/>\n\t<meta property=\"og:image:width\" content=\"1800\" \/>\n\t<meta property=\"og:image:height\" content=\"1200\" \/>\n\t<meta property=\"og:image:type\" content=\"image\/jpeg\" \/>\n<meta name=\"twitter:card\" content=\"summary_large_image\" \/>\n<meta name=\"twitter:label1\" content=\"Gesch\u00e4tzte Lesezeit\" \/>\n\t<meta name=\"twitter:data1\" content=\"1\u00a0Minute\" \/>\n<script type=\"application\/ld+json\" class=\"yoast-schema-graph\">{\"@context\":\"https:\\\/\\\/schema.org\",\"@graph\":[{\"@type\":\"WebPage\",\"@id\":\"https:\\\/\\\/skinway.de\\\/?page_id=505\",\"url\":\"https:\\\/\\\/skinway.de\\\/?page_id=505\",\"name\":\"Wimpern & Augenbrauen - SKINWAY\",\"isPartOf\":{\"@id\":\"https:\\\/\\\/skinway.de\\\/#website\"},\"primaryImageOfPage\":{\"@id\":\"https:\\\/\\\/skinway.de\\\/?page_id=505#primaryimage\"},\"image\":{\"@id\":\"https:\\\/\\\/skinway.de\\\/?page_id=505#primaryimage\"},\"thumbnailUrl\":\"https:\\\/\\\/skinway.de\\\/wp-content\\\/uploads\\\/2021\\\/05\\\/2.jpg\",\"datePublished\":\"2021-04-28T15:45:17+00:00\",\"dateModified\":\"2024-06-25T03:15:43+00:00\",\"description\":\"Wimpern & Augenbrauen in Hamburg. Eine sanfte und hochwirksame Wimpernverformung f\u00fcr einen perfekten Augenaufschlag. Nach der Behandlung\",\"breadcrumb\":{\"@id\":\"https:\\\/\\\/skinway.de\\\/?page_id=505#breadcrumb\"},\"inLanguage\":\"de\",\"potentialAction\":[{\"@type\":\"ReadAction\",\"target\":[\"https:\\\/\\\/skinway.de\\\/?page_id=505\"]}]},{\"@type\":\"ImageObject\",\"inLanguage\":\"de\",\"@id\":\"https:\\\/\\\/skinway.de\\\/?page_id=505#primaryimage\",\"url\":\"https:\\\/\\\/skinway.de\\\/wp-content\\\/uploads\\\/2021\\\/05\\\/2.jpg\",\"contentUrl\":\"https:\\\/\\\/skinway.de\\\/wp-content\\\/uploads\\\/2021\\\/05\\\/2.jpg\",\"width\":1800,\"height\":1200},{\"@type\":\"BreadcrumbList\",\"@id\":\"https:\\\/\\\/skinway.de\\\/?page_id=505#breadcrumb\",\"itemListElement\":[{\"@type\":\"ListItem\",\"position\":1,\"name\":\"Startseite\",\"item\":\"https:\\\/\\\/skinway.de\\\/\"},{\"@type\":\"ListItem\",\"position\":2,\"name\":\"Wimpern &#038; Augenbrauen\"}]},{\"@type\":\"WebSite\",\"@id\":\"https:\\\/\\\/skinway.de\\\/#website\",\"url\":\"https:\\\/\\\/skinway.de\\\/\",\"name\":\"SKINWAY\",\"description\":\"Organic &amp; Medical Beauty\",\"potentialAction\":[{\"@type\":\"SearchAction\",\"target\":{\"@type\":\"EntryPoint\",\"urlTemplate\":\"https:\\\/\\\/skinway.de\\\/?s={search_term_string}\"},\"query-input\":{\"@type\":\"PropertyValueSpecification\",\"valueRequired\":true,\"valueName\":\"search_term_string\"}}],\"inLanguage\":\"de\"}]}<\/script>\n<!-- \/ Yoast SEO plugin. -->","yoast_head_json":{"title":"Wimpern & Augenbrauen - SKINWAY","description":"Wimpern & Augenbrauen in Hamburg. Eine sanfte und hochwirksame Wimpernverformung f\u00fcr einen perfekten Augenaufschlag. Nach der Behandlung","robots":{"index":"index","follow":"follow","max-snippet":"max-snippet:-1","max-image-preview":"max-image-preview:large","max-video-preview":"max-video-preview:-1"},"canonical":"https:\/\/skinway.de\/?page_id=505","og_locale":"de_DE","og_type":"article","og_title":"Wimpern & Augenbrauen - SKINWAY","og_description":"Wimpern & Augenbrauen in Hamburg. Eine sanfte und hochwirksame Wimpernverformung f\u00fcr einen perfekten Augenaufschlag. Nach der Behandlung","og_url":"https:\/\/skinway.de\/?page_id=505","og_site_name":"SKINWAY","article_modified_time":"2024-06-25T03:15:43+00:00","og_image":[{"width":1800,"height":1200,"url":"https:\/\/skinway.de\/wp-content\/uploads\/2021\/05\/2.jpg","type":"image\/jpeg"}],"twitter_card":"summary_large_image","twitter_misc":{"Gesch\u00e4tzte Lesezeit":"1\u00a0Minute"},"schema":{"@context":"https:\/\/schema.org","@graph":[{"@type":"WebPage","@id":"https:\/\/skinway.de\/?page_id=505","url":"https:\/\/skinway.de\/?page_id=505","name":"Wimpern & Augenbrauen - SKINWAY","isPartOf":{"@id":"https:\/\/skinway.de\/#website"},"primaryImageOfPage":{"@id":"https:\/\/skinway.de\/?page_id=505#primaryimage"},"image":{"@id":"https:\/\/skinway.de\/?page_id=505#primaryimage"},"thumbnailUrl":"https:\/\/skinway.de\/wp-content\/uploads\/2021\/05\/2.jpg","datePublished":"2021-04-28T15:45:17+00:00","dateModified":"2024-06-25T03:15:43+00:00","description":"Wimpern & Augenbrauen in Hamburg. Eine sanfte und hochwirksame Wimpernverformung f\u00fcr einen perfekten Augenaufschlag. Nach der Behandlung","breadcrumb":{"@id":"https:\/\/skinway.de\/?page_id=505#breadcrumb"},"inLanguage":"de","potentialAction":[{"@type":"ReadAction","target":["https:\/\/skinway.de\/?page_id=505"]}]},{"@type":"ImageObject","inLanguage":"de","@id":"https:\/\/skinway.de\/?page_id=505#primaryimage","url":"https:\/\/skinway.de\/wp-content\/uploads\/2021\/05\/2.jpg","contentUrl":"https:\/\/skinway.de\/wp-content\/uploads\/2021\/05\/2.jpg","width":1800,"height":1200},{"@type":"BreadcrumbList","@id":"https:\/\/skinway.de\/?page_id=505#breadcrumb","itemListElement":[{"@type":"ListItem","position":1,"name":"Startseite","item":"https:\/\/skinway.de\/"},{"@type":"ListItem","position":2,"name":"Wimpern &#038; Augenbrauen"}]},{"@type":"WebSite","@id":"https:\/\/skinway.de\/#website","url":"https:\/\/skinway.de\/","name":"SKINWAY","description":"Organic &amp; Medical Beauty","potentialAction":[{"@type":"SearchAction","target":{"@type":"EntryPoint","urlTemplate":"https:\/\/skinway.de\/?s={search_term_string}"},"query-input":{"@type":"PropertyValueSpecification","valueRequired":true,"valueName":"search_term_string"}}],"inLanguage":"de"}]}},"_links":{"self":[{"href":"https:\/\/skinway.de\/index.php?rest_route=\/wp\/v2\/pages\/505","targetHints":{"allow":["GET"]}}],"collection":[{"href":"https:\/\/skinway.de\/index.php?rest_route=\/wp\/v2\/pages"}],"about":[{"href":"https:\/\/skinway.de\/index.php?rest_route=\/wp\/v2\/types\/page"}],"author":[{"embeddable":true,"href":"https:\/\/skinway.de\/index.php?rest_route=\/wp\/v2\/users\/1"}],"replies":[{"embeddable":true,"href":"https:\/\/skinway.de\/index.php?rest_route=%2Fwp%2Fv2%2Fcomments&post=505"}],"version-history":[{"count":11,"href":"https:\/\/skinway.de\/index.php?rest_route=\/wp\/v2\/pages\/505\/revisions"}],"predecessor-version":[{"id":922,"href":"https:\/\/skinway.de\/index.php?rest_route=\/wp\/v2\/pages\/505\/revisions\/922"}],"wp:featuredmedia":[{"embeddable":true,"href":"https:\/\/skinway.de\/index.php?rest_route=\/wp\/v2\/media\/548"}],"wp:attachment":[{"href":"https:\/\/skinway.de\/index.php?rest_route=%2Fwp%2Fv2%2Fmedia&parent=505"}],"curies":[{"name":"wp","href":"https:\/\/api.w.org\/{rel}","templated":true}]}}